 = 4*t - 40. What is the units digit of t?
5
Let a(d) = 19*d**2 + 4*d + 4. What is the units digit of a(-2)?
2
Let m(j) be the second derivative of -j**3/2 + 8*j**2 - j. What is the units digit of m(-5)?
1
Let g be 29/(-1) - 9/3. What is the tens digit of 86/8 - 8/g?
1
Let b = -38 - -58. Let r = b + -14. What is the units digit of r?
6
Suppose -639 + 141 = -3*g. What is the hundreds digit of g?
1
Let m be ((-3)/(-1 + 4))/1. Let h(n) = -2*n**3 + 2*n + 1. What is the units digit of h(m)?
1
Suppose 6 + 2 = 4*p - 2*z, -5*p = -5*z - 10. Let o(n) = -7 + 5*n - 8 + p*n - 5*n. What is the units digit of o(13)?
1
Let c(j) = -j**3 - j**2 + j - 2. Let d be c(-2). Suppose 2*s - y = 65, 2*y - 5*y + 3 = d. What is the units digit of s?
3
Suppose 0 = -j + 1 + 24. What is the units digit of (j + (1 - 0))/1?
6
Suppose p = -0*p + 2*l + 15, 3*p = -l + 10. What is the units digit of p?
5
Let o = -2 + 2. Suppose -3*n - 4*s - 10 = 0, o = -0*s + 3*s - 6. What is the units digit of n/(-15) + 66/10?
7
Suppose -3*v - 4 = -13. Suppose 0 = v*q + 2*q - 35. What is the units digit of q?
7
Let t(q) = 7*q**3 - q**2. Let m be t(1). Let d(w) be the first derivative of w**3/3 - 7*w**2/2 + 7*w - 9. What is the units digit of d(m)?
1
Suppose 3*f = -3*h + 39, 2*h = -0*f + 4*f - 76. Suppose 4*j - f - 19 = 0. Suppose -g + j = 4*y, 5*g - 2 = -y + 5. What is the units digit of y?
2
Suppose 3*a = -0*a + 2*t + 106, 3*t + 6 = 0. Suppose -c = -3*c + a. What is the tens digit of c?
1
Let m(w) = -6*w**2 + 35*w - 1. What is the units digit of m(3)?
0
Suppose -89*r = -86*r - 336. What is the hundreds digit of r?
1
Let k = 15 + -10. Suppose -k*s = -3*s - 68. What is the units digit of s?
4
Suppose 6*k + 153 = 1125. What is the units digit of k?
2
Let z(x) = 2*x - 1. Let i be z(-3). Let p(a) be the third derivative of -a**6/120 - 2*a**5/15 - 3*a**4/8 - 3*a**3/2 - a**2. What is the units digit of p(i)?
5
Let b(g) = -8*g + g - 10*g**2 + 9*g**2 - 3. What is the units digit of b(-5)?
7
Suppose 0 = -4*u - 20, 0 = -6*g + 8*g + u - 575. What is the hundreds digit of g?
2
Suppose -117 = -3*b - 6*n + 3*n, 0 = n - 3. Let d be (-26)/(-12) + (-6)/b. Suppose -d*v - 39 = -5*v. What is the tens digit of v?
1
Let j = -4 + 4. Suppose a - 1 - 2 = j. Suppose -y = a*y - 32. What is the units digit of y?
8
Let i(z) = z + 5. Let l(h) be the first derivative of 4*h + 1. Let x(w) = -5*i(w) + 6*l(w). What is the units digit of x(-2)?
9
Suppose -5*x + 25 = -10*x. Let k be (-34)/6 - x/(-15). What is the units digit of (-45)/6*k/9?
5
What is the tens digit of (174/4)/(4/8)?
8
Let g = 2 - -1. Suppose g*u = -d + 7*u, -2*d + 18 = -2*u. What is the units digit of 2/6 - (-20)/d?
2
Suppose -y + 90 = -5*q, 5*q - q - 3*y = -72. Let v = q - -34. What is the units digit of v?
6
Suppose -90 = -3*s - s + 3*u, 2*s - 2*u - 46 = 0. What is the tens digit of s?
2
Let o(y) = y**2 - 8*y + 10. Let w be o(10). Suppose 10 - w = 4*r. Let f = -1 - r. What is the units digit of f?
4
Suppose -5*d + 188 = -2*i, -d + 11 = 5*i - 32. What is the units digit of d?
8
Let n be -4 + (-1*55)/(-5). Let v be (-39)/(-4) + 1/4. Suppose -n*f + 2*f = -v. What is the units digit of f?
2
Suppose 3*b = p + 1 - 2, 0 = 3*p + 4*b - 3. Let s = 29 + -16. Suppose -s - p = -2*d. What is the units digit of d?
7
Suppose -6*d + 3*g = -3*d - 21, -2*g + 30 = 2*d. What is the units digit of d?
1
Suppose -14*p = -3443 - 99. What is the hundreds digit of p?
2
Let i(p) = -p**3 + 11*p**2 + 6*p + 3. What is the tens digit of i(10)?
6
Suppose t - 3*t + 5 = 3*c, -3*t = 2*c. Suppose 5*g + 2*z + 12 = 0, -3*g - 12 = g + z. What is the units digit of g*((-5)/2 - t)?
2
Let x = 2 + -4. Let s be (1/2)/(x/(-12)). Suppose 0*h = 3*h - s. What is the units digit of h?
1
Let i be (45/10)/(2/(-4)). Let o = i + 60. What is the tens digit of o?
5
Suppose 5*j = 3*n + 20, 3*j - 2*n = 4 + 8. Suppose -j*f - 34 = -2*t, 45 + 16 = 5*t - 2*f. What is the tens digit of t?
1
Suppose 2 = 3*h - h. What is the units digit of (h - -3)*(2 + -1)?
4
Let g be (1*-1)/((-10)/(-70)). Let k(m) = -m - 2. What is the units digit of k(g)?
5
Let v be (-2)/5 + (-56)/10. Let t = v - -8. Let m(u) = u**2 - 1. What is the units digit of m(t)?
3
Suppose -6*j = 2*q - j - 260, -3*q - 4*j + 397 = 0. What is the hundreds digit of q?
1
Let h(a) = 2*a**2 + 9*a + 17. What is the units digit of h(-4)?
3
Let f(p) = 5*p - 9. Let q be (-3)/12 - (-5)/4. Let k(n) = -n + 1. Let v(j) = q*f(j) + 4*k(j). What is the units digit of v(9)?
4
Let j = -17 + 6. Let g = j - 67. What is the tens digit of ((-2)/(-3))/((-4)/g)?
1
Let q be (9/(-15))/((-1)/(-5)). Let d be (-2)/(q/(6/1)). Let h = 10 - d. What is the units digit of h?
6
Let m = -2 - -12. What is the tens digit of m?
1
Let i(f) = 58*f. Let l be i(1). Let a = 90 - l. What is the units digit of a?
2
Suppose 0 = -3*y + 274 - 64. What is the units digit of y?
0
What is the tens digit of 2961/49 - -3*(-2)/14?
6
Let k be 4/16 - 737/4. Let j be 6/(-15) + k/(-10). Suppose -2*o + j = -12. What is the tens digit of o?
1
Suppose 14*i - 15*i + 13 = 0. What is the tens digit of i?
1
Let x = -5 + 15. Suppose -y = -2*l - 3, 3*l = -y + 6 - 3. Suppose -y*u + x = 1. What is the units digit of u?
3
Let j = -537 - -765. What is the units digit of j?
8
Let z = 2 + 2. Suppose -z*f - 12 = -4*p, 2*f + 2 = -4*p + 8. What is the units digit of 1 + (-2)/f + 2?
5
What is the hundreds digit of (-20480)/(-50) - 8/(-20)?
4
Let f(s) = -18*s - 47. What is the units digit of f(-7)?
9
Suppose 8*i - 3*i - 3*t = 0, 0 = -3*i + 3*t - 6. What is the tens digit of ((-12)/i)/2 + 18?
1
Let p(s) = -4*s**2 - 2*s. Let z(q) = 5*q**2 + q - 1. Let a(l) = 4*p(l) + 3*z(l). Suppose 4*y - 2*u + 6 = -5*u, -11 = 5*y + 2*u. What is the units digit of a(y)?
3
Let v be (-2)/7 - 228/(-14). Suppose 6*p = 2*p + v. What is the units digit of p?
4
Let w(h) = -h**2 + 4 + 2 + 5 - 3 - h. What is the units digit of w(0)?
8
Let a be 10/4*(-32)/(-20). Suppose 2*q - 7 = q + p, 3*p = -a*q. What is the units digit of q?
3
Let s be 16/6*-3 + 2. Let g be 100/(-6) - (-2)/s. Let x = g - -24. What is the units digit of x?
7
Let r(t) be the third derivative of t**2 + 0*t - 2/3*t**3 + 1/12*t**4 + 0. What is the units digit of r(10)?
6
What is the hundreds digit of 23 - -266 - 1*-1?
2
Let s = 1 - -5. Let a be (7 + -2)*s/15. Suppose 10 - 30 = -a*w. What is the units digit of w?
0
Let h(d) = d**2. Let r be h(0). Let k = 1 - r. Suppose 3*i - k - 14 = 0. What is the units digit of i?
5
Let j(x) be the first derivative of 11*x**6/360 + x**4/24 + 2*x**3/3 + 2. Let p(f) be the third derivative of j(f). What is the units digit of p(1)?
2
Suppose -4*x + 2 = -6. Let o(n) = -5 - 4*n - n**x - 6*n + 2*n. What is the units digit of o(-6)?
7
Let h(k) = k**2 + 5*k + 2. Let n be h(-2). Let j = 10 + n. Suppose -v + j*v - 20 = 0. What is the units digit of v?
4
Suppose 3*i - 11 = 2*h, -3*i - 5 = -4*i + 2*h. What is the units digit of i?
3
Suppose -5*r - o + 21 = 0, -3*r - 2*o - 1 + 8 = 0. Let s = r + -8. What is the units digit of (-1)/(-1) - (1 + s)?
3
Let a = -233 + 330. Suppose -3*p = -20 - a. What is the units digit of p?
9
Let n = 12 + -7. Let o(s) = s**2 - 5*s + 2. What is the units digit of o(n)?
2
Let b be -4*10/(-12)*9. Suppose s - 50 = -5*g, -3*g - 3*s + b = 2*s. What is the tens digit of g?
1
Let q be (-6)/21 - (-44)/7. Suppose -q - 6 = -4*d. What is the units digit of (d/(-2))/(3/(-16))?
8
Suppose -2*w = 5*t - 7*w - 500, 4*t + 3*w = 421. What is the units digit of t?
3
Suppose -5*h + 22 = -x + 98, x - 4*h - 71 = 0. What is the units digit of x?
1
Let i = 38 - 19. What is the tens digit of i?
1
Suppose 5*m + 20 = 0, 0 = -d + 4*d - 5*m - 194. What is the units digit of d?
8
Suppose t - 216 = -3*t. What is the units digit of t?
4
Let q = 171 - 96. What is the tens digit of q?
7
Let q = -24 - -54. What is the tens digit of q?
3
What is the hundreds digit of (5 - 6)*1 - -193?
1
Let p(i) = -i**2 - i + 2. Let f be p(-2). Suppose f = 3*w + l - 33, -5*w + 65 = -0*w + 5*l. What is the tens digit of w?
1
Suppose 2*c + 9 - 1 = 0, 2*v - 5*c = 26. Suppose v*y = 7*y - 8. What is the units digit of y?
2
Suppose -3*s = 2*f - f - 259, 2*f + 10 = 0. What is the units digit of s?
8
Suppose -5*k + 2*k = -120. Suppose 2*a - 50 = -3*q - q, -a + k = -q. What is the tens digit of a?
3
Suppose 3*c + 2